r - 114. Suppose m + 2*z = r, 3*m - z - 13 = 2*m. List the prime factors of m.
2
Suppose 4*j + 471 = 4*g + 7*j, -4*g + 3*j = -465. List the prime factors of g.
3, 13
Suppose t = -2*t - 57. Let r = t + 13. What are the prime factors of (-44)/r - 1/3?
7
Let z(a) = -a**2 + 10*a - 8. List the prime factors of z(4).
2
Let c(r) = -3 - 2*r - 1 - 9. Let g(p) = p**3 + 4*p**2 - 2*p + 6. Let v be g(-5). List the prime factors of c(v).
5
Suppose -i - 4*m - 14 = i, 0 = 2*i + 5*m + 18. List the prime factors of -3*(-48)/9 + i.
17
Suppose 4*a - 412 = -4*t, -3*t = 2*a - 6*a - 309. List the prime factors of t.
103
Let k = 9 + -3. Suppose 0 = -k*g + g + 10. Suppose g*c - 18 = 2. What are the prime factors of c?
2, 5
Suppose 4*c + 3 = 3*g - 4, -3*g - 5 = -c. Let h(p) = -6*p - 5. What are the prime factors of h(c)?
19
Let s(u) = 4*u. Let h be s(1). Let q be 1*((-4 - 0) + 42). Suppose -w + 4*j = -2, 4*w - w + h*j - q = 0. What are the prime factors of w?
2, 5
Suppose -p + 3*b + 126 = 0, 0 = -5*p + 2*b + 567 + 102. List the prime factors of p.
3, 5
Suppose -6*i + 623 = -3*i - 4*x, 5*i + 3*x = 990. List the prime factors of i.
3, 67
Suppose 4 = 2*r - 2. Suppose -3*n + 3 + r = 0. Let t = n - -4. What are the prime factors of t?
2, 3
List the prime factors of -129*((-80)/15)/8.
2, 43
Let l be 2/(12/(-10))*-3. Suppose 3*y + m - 8 = 0, 6*y - 16 = 3*y - l*m. Suppose -2*q - 2*n = q - 7, 0 = 2*q + 2*n - y. What are the prime factors of q?
5
Let p(s) = 2*s + 21. Let h be p(-9). Suppose -h*k - 2 = 3*f + 1, -5 = -4*f - k. List the prime factors of f.
2
List the prime factors of ((-1830)/10)/(2 + -3).
3, 61
Let d(z) = 4*z**2 - 4*z - 5. Let v be d(6). Suppose -4*i - i = -v. List the prime factors of i.
23
Let q = -7 - 3. What are the prime factors of 2/4*-6 - q?
7
Let c(m) = 6*m**3 + 2*m**2 - 2. List the prime factors of c(2).
2, 3
Suppose 0 = -4*u + 4*w + 132, w + w + 159 = 5*u. List the prime factors of u.
31
Let f = 12 + -5. What are the prime factors of f?
7
Let s be ((-3)/6)/(1/(-86)). Suppose r + 0*p = p - 14, 0 = -2*r + 5*p - s. Let f(w) = -w**2 - 9*w + 9. List the prime factors of f(r).
3
What are the prime factors of (-475)/2*8/(-10)?
2, 5, 19
Let f(l) = l**3 + 2*l**2 - 2*l + 76. List the prime factors of f(0).
2, 19
Let m = -46 + 147. List the prime factors of m.
101
Let f(q) = q**3 - 6*q**2 + 6*q - 7. Let d be f(5). Let v = 7 + d. What are the prime factors of v?
5
Suppose -4*c = -7*c + 78. What are the prime factors of c?
2, 13
Suppose 0 = 5*f - 351 - 409. List the prime factors of f.
2, 19
Let u(w) = 101*w - 6. What are the prime factors of u(1)?
5, 19
List the prime factors of -1 + 3 - 589/(-19).
3, 11
Suppose -4*d = 5*w - 15 - 38, 5*d + 2*w = 45. What are the prime factors of d?
7
What are the prime factors of 2/7 + (-668)/(-14)?
2, 3
Let f(y) = y**3 - 2*y**2 + 1. Let d be f(1). Suppose -8 = -4*m - d. Suppose -m*v + 4*v = 16. List the prime factors of v.
2
Let v = -14 + 26. Suppose 4*x + f = v, -x + 9 = 2*f - 1. What are the prime factors of x?
2
Suppose w - 5*m = 80, 3*w + 0*w - 204 = -3*m. List the prime factors of w.
2, 5, 7
Suppose 0 = 4*f + 2*k - 8, 5*f - k - 4*k = 10. Suppose 0 = -3*n + f*n + 18. List the prime factors of n.
2, 3
Let r(m) = -9*m - 1. Let n(c) = -18*c - 2. Let l(b) = -3*n(b) + 5*r(b). Let j be 6/(-27) - 33/(-27). What are the prime factors of l(j)?
2, 5
Suppose -2*b + 9 + 259 = 0. What are the prime factors of b?
2, 67
Let s be 42 + 3 + 1 + -2. Suppose -s = -5*g + g. List the prime factors of g.
11
Let k(i) = -i**3 - 4*i**2 + 3*i - 5. Let d be k(-5). Suppose d*v = 4*p + 9, 0 = -p - 5*v - 0*v + 29. What are the prime factors of p?
2
Suppose 2 = a - 4*k, -a - 4 = -3*a - 4*k. Let v be (2 - a)/(2/1). Suppose 0*m - 2*m + 24 = v. List the prime factors of m.
2, 3
Suppose -3*m = 68 + 76. List the prime factors of 9/(-2)*m/9.
2, 3
Suppose -g - 296 = -4*b, b - 5*g - 222 = -2*b. List the prime factors of b.
2, 37
Let w be (-170)/(-8) + (-2)/8. Let o(z) = -11*z**3 - 2*z**2 + 1. Let m be o(1). Let y = m + w. What are the prime factors of y?
3
Let c = -24 - -40. Suppose 3*p + c = 76. Suppose 5*y - p = 35. List the prime factors of y.
11
Let t = -4 + 7. Let w(v) = -2*v**3 - 4*v**3 + 5*v**3 + 1 - v**2 + t*v + 4*v**2. What are the prime factors of w(-2)?
3, 5
Let u = -1 - -4. Suppose -5*o = -u*o - 36. List the prime factors of o.
2, 3
Suppose 12 = 4*z - 12. Let i(f) = 1 + 0 + f + 3. What are the prime factors of i(z)?
2, 5
Let g(f) = 2*f + 3. Let l be g(-5). Let x(b) = b**3 + 6*b**2 - 6*b + 5. Let o be x(l). List the prime factors of (o + 0)*(-22)/4.
11
Let d = -12 + 25. Let x = 23 - d. What are the prime factors of x?
2, 5
Suppose z - 6 = -0*z. Suppose -h + 2*h = z. List the prime factors of -1*(-3)/h*14.
7
Let r = 10 - 5. Let t(q) = 1 + q**2 - q + 3*q + 0*q - r. List the prime factors of t(-5).
11
Let f(r) = 46*r**2 - 2*r + 1. List the prime factors of f(1).
3, 5
Let v(k) = k**3 - 7*k**2 + k + 3. What are the prime factors of v(7)?
2, 5
Let z(m) = 4*m + 12. List the prime factors of z(12).
2, 3, 5
Let n = -11 + 16. Let z be (-2)/((-4)/(-6)) + n. Suppose -2*k - z = -3*k. What are the prime factors of k?
2
Let h(r) = -11*r - 4. List the prime factors of h(-3).
29
Suppose 4*y - 203 = -3*j + 14, -4*y + 242 = -2*j. List the prime factors of y.
2, 29
Suppose -5*h - 4 - 16 = k, k = -h - 4. Let f be ((-6)/h)/(30/320). What are the prime factors of (-2)/(2*(-2)/f)?
2
Let n = -668 + 1012. What are the prime factors of n?
2, 43
Suppose y - 119 = -3*u - 0*y, 3*u + 5*y - 127 = 0. List the prime factors of u.
3, 13
Let n = -6 + 6. Suppose -5*i + t + n*t + 65 = 0, 0 = -3*i - 2*t + 26. What are the prime factors of i?
2, 3
Let t = -2 + 5. Suppose 0 = t*c - 26 - 13. List the prime factors of c.
13
Suppose 7*s = 3*s + 60. Let p = s - 2. What are the prime factors of p?
13
What are the prime factors of 3/4 + (-266)/(-8)?
2, 17
List the prime factors of (18/(-12))/(1/(-24)).
2, 3
Suppose -14 = 2*k + 5*j, 2*k + 2*j = 4*j + 14. Suppose -4*v + 9*v + 3*l = -50, k*l + 15 = 0. Let c = 0 - v. List the prime factors of c.
7
Suppose -f = 3*f + 3*s + 44, 0 = -f + 5*s + 12. Let r(u) = -u**2 - 9*u + 5. List the prime factors of r(f).
13
Let v = 10 - -5. What are the prime factors of v?
3, 5
Suppose 5*s + 8*m = 3*m - 25, -2*m - 12 = 4*s. Let l(i) = i**3 - 5*i**2 + i + 2. Let y be l(4). Let r = s - y. What are the prime factors of r?
3
Let j(c) = c**2 - 3*c. Let v be j(3). Suppose -3*a + 33 = 2*w, -3*a = w - 15 - 6. Let n = w - v. List the prime factors of n.
2, 3
Let o(v) = 3*v**2 + 4*v + 3. Let i be o(-3). Let b = 24 - i. What are the prime factors of b?
2, 3
Suppose -q - o + 0 + 1 = 0, 4*o - 8 = -2*q. Let h = 5 + q. Let g = h - -11. List the prime factors of g.
2, 7
Suppose -2*s + 4*q = 12, -q - 3 = -s - 4. Suppose -k - 3*k = -4*d, 2*k = -s*d + 30. Suppose -18 - 17 = -d*z. What are the prime factors of z?
7
Let m(l) be the third derivative of -25*l**4/24 + l**3/6 + 3*l**2. What are the prime factors of m(-1)?
2, 13
What are the prime factors of -38*(-3 - 1 - -3)?
2, 19
Suppose 10 = -3*j + 4. Let v = -1 + j. List the prime factors of -7*1/(-4 - v).
7
Let g = -3 + -1. Let w(u) = -u**2 - 5*u. List the prime factors of w(g).
2
Let p be 2 + (-1 - 1) - -3. Let x = 29 + p. List the prime factors of x.
2
Suppose q = -7 + 4. Let f = q + 6. List the prime factors of f.
3
Suppose -73 = -4*w + 79. Let g = w - 19. What are the prime factors of g?
19
Suppose 3*u = w + 15, -u + 5*w = 3*u - 9. Let k = u + -10. Let t(s) = -4*s - 4. What are the prime factors of t(k)?
2, 3
Suppose -2 = -0*a - a. Suppose -17 = -a*c + 3*p, 0*c + 31 = 4*c - 5*p. Suppose -2*r + c*f + 25 = 5, f = 4*r - 33. What are the prime factors of r?
2
Suppose 0 = 3*x + 30 - 663. List the prime factors of x.
211
List the prime factors of (5/(45/(-294)))/(20/(-30)).
7
Let r(i) = i**3 + 6*i**2 + 4*i - 5. Let p be r(-5). Suppose p = 5*f - f - 96. List the prime factors of f.
2, 3
Suppose -5*q = -3*j - 6, -2*q = -4*j - 0*j - 8. Suppose q = -c + 14 + 12. What are the prime factors of c?
2, 13
Let g(q) = 6*q**3 - q**2 + 5*q + 4. Let j(c) = -c**3 - c - 1. Let y(o) = g(o) + 5*j(o). What are the prime factors of y(2)?
3
Let t = -13 - -18. Suppose t*l + 42 = a, -2*a = -5*l + 4*l - 12. Let m = -6 - l. What are the prime factors of m?
2
Let i(